023, 803659
What are the prime factors of 98817645?
3, 5, 29, 227167
What are the prime factors of 205096506?
2, 3, 34182751
What are the prime factors of 595903553?
7, 41, 47, 6311
List the prime factors of 1149609108.
2, 3, 95800759
What are the prime factors of 60663449?
7, 11, 787837
What are the prime factors of 82135446?
2, 3, 13689241
List the prime factors of 182713240.
2, 5, 4567831
List the prime factors of 906256964.
2, 53, 4274797
What are the prime factors of 32577284?
2, 173, 179, 263
List the prime factors of 1239431316.
2, 3, 79, 1307417
What are the prime factors of 122035324?
2, 37, 824563
List the prime factors of 244799759.
29, 461, 18311
List the prime factors of 541974059.
11, 17, 59, 49123
List the prime factors of 1007795814.
2, 3, 167965969
What are the prime factors of 61361648?
2, 31, 193, 641
List the prime factors of 20399508.
2, 3, 566653
What are the prime factors of 63909537?
3, 733, 29063
List the prime factors of 290484869.
5113, 56813
List the prime factors of 615011949.
3, 68334661
What are the prime factors of 341938265?
5, 1429, 47857
List the prime factors of 507718354.
2, 11, 13, 571, 3109
List the prime factors of 730034219.
83, 105971
List the prime factors of 66270299.
53, 821, 1523
What are the prime factors of 1298407650?
2, 3, 5, 89, 97259
What are the prime factors of 243686901?
3, 167, 503, 967
List the prime factors of 413016913.
173, 733, 3257
List the prime factors of 214576465.
5, 17, 2524429
What are the prime factors of 1592117666?
2, 796058833
What are the prime factors of 28656740?
2, 5, 7, 107, 1913
List the prime factors of 309452730.
2, 3, 5, 1097, 9403
What are the prime factors of 21218553?
3, 2357617
What are the prime factors of 121308496?
2, 37, 204913
List the prime factors of 5191032990.
2, 3, 5, 11, 13, 59, 20509
What are the prime factors of 185782031?
185782031
List the prime factors of 262772600.
2, 5, 1313863
What are the prime factors of 6134481708?
2, 3, 23, 29, 73, 10499
List the prime factors of 1339458494.
2, 11, 131, 464767
List the prime factors of 65016929.
23, 563, 5021
What are the prime factors of 64611467?
64611467
List the prime factors of 8070156.
2, 3, 224171
List the prime factors of 391219965.
3, 5, 101, 86077
List the prime factors of 2382417804.
2, 3, 13, 15271909
What are the prime factors of 4589532156?
2, 3, 11, 19, 491, 3727
What are the prime factors of 9239474916?
2, 3, 7, 36664583
What are the prime factors of 4357557554?
2, 7, 1861, 23893
List the prime factors of 172748636.
2, 43187159
What are the prime factors of 2855243516?
2, 43, 757, 21929
What are the prime factors of 14251412?
2, 7, 29, 17551
List the prime factors of 1057316014.
2, 528658007
List the prime factors of 148248259.
773, 191783
List the prime factors of 33430753.
23, 419, 3469
What are the prime factors of 78796132?
2, 29, 679277
List the prime factors of 10295686.
2, 5147843
List the prime factors of 1394037726.
2, 3, 43, 5403247
List the prime factors of 513095.
5, 11, 19, 491
List the prime factors of 708798386.
2, 4919, 72047
List the prime factors of 85100541.
3, 127, 223361
List the prime factors of 4349571989.
7, 29, 21426463
What are the prime factors of 468524273?
7, 79, 569, 1489
What are the prime factors of 838433065?
5, 29, 5782297
List the prime factors of 115302794.
2, 131, 440087
List the prime factors of 41853830.
2, 5, 17, 191, 1289
List the prime factors of 700224516.
2, 3, 101, 192581
List the prime factors of 154711517.
599, 258283
List the prime factors of 364039800.
2, 3, 5, 606733
What are the prime factors of 154265815?
5, 11, 2804833
List the prime factors of 1517335759.
241, 6295999
List the prime factors of 2689994387.
37, 43, 1690757
What are the prime factors of 155970602?
2, 77985301
List the prime factors of 1518905910.
2, 3, 5, 50630197
What are the prime factors of 2338729263?
3, 13, 23, 37, 83, 283
What are the prime factors of 32299806?
2, 3, 7, 11, 151, 463
List the prime factors of 72394935.
3, 5, 397, 12157
List the prime factors of 61389186.
2, 3, 10231531
List the prime factors of 214066192.
2, 373, 35869
What are the prime factors of 22443071?
7, 29, 110557
What are the prime factors of 55864592?
2, 7, 498791
What are the prime factors of 452231197?
11, 41111927
What are the prime factors of 3304948214?
2, 1652474107
What are the prime factors of 117032936?
2, 31, 471907
List the prime factors of 44479008.
2, 3, 7, 22063
What are the prime factors of 1018620946?
2, 7, 293, 248323
List the prime factors of 47059311.
3, 13, 23, 2281
What are the prime factors of 202884063?
3, 67628021
What are the prime factors of 5059843082?
2, 7, 67, 5394289
List the prime factors of 910088867.
757, 1202231
List the prime factors of 147988956.
2, 3, 12332413
What are the prime factors of 786604971?
3, 233, 1125329
List the prime factors of 17478419.
7, 2496917
List the prime factors of 275526255.
3, 5, 18368417
What are the prime factors of 41592293?
29, 1434217
What are the prime factors of 2582459851?
17, 113, 593, 2267
What are the prime factors of 3036879017?
3036879017
What are the prime factors of 191266104?
2, 3, 491, 16231
List the prime factors of 327855010.
2, 5, 7, 131, 35753
What are the prime factors of 654354069?
3, 47, 563, 8243
List the prime factors of 970381535.
5, 8273, 23459
List the prime factors of 487275115.
5, 293, 332611
List the prime factors of 811473555.
3, 5, 71, 107, 7121
List the prime factors of 60701178.
2, 3, 431, 23473
List the prime factors of 1314251405.
5, 61, 1303, 3307
What are the prime factors of 2687500?
2, 5, 43
What are the prime factors of 1290367848?
2, 3, 7, 11, 698251
What are the prime factors of 961360483?
3229, 297727
What are the prime factors of 906685471?
906685471
What are the prime factors of 176143370?
2, 5, 13, 1354949
What are the prime factors of 670278134?
2, 3527, 95021
What are the prime factors of 696733741?
11, 89, 711679
What are the prime factors of 229394728?
2, 1693, 16937
List the prime factors of 60312097.
60312097
What are the prime factors of 130160822?
2, 11, 5916401
List the prime factors of 20149228.
2, 11, 97, 4721
What are the prime factors of 2884610655?
3, 5, 64102459
What are the prime factors of 57469403?
57469403
What are the prime factors of 5635834866?
2, 3, 17, 1439, 12799
List the prime factors of 104163740.
2, 5, 911, 5717
What are the prime factors of 63327167?
63327167
List the prime factors of 2255273263.
2255273263
List the prime factors of 2246600981.
461, 4873321
What are the prime factors of 155861851?
155861851
What are the prime factors of 194733413?
7, 19, 31, 73, 647
List the prime factors of 2410121510.
2, 5, 241012151
List the prime factors of 153466536.
2, 3, 6394439
List the prime factors of 2315581873.
11, 617, 341179
What are the prime factors of 131072839?
17, 7710167
List the prime factors of 59807088.
2, 3, 11, 17, 2221
List the prime factors of 28283177.
13, 2175629
What are the prime factors of 1365819137?
1365819137
What are the prime factors of 1390015688?
2, 173751961
What are the prime factors of 29308440?
2, 3, 5, 7, 23, 37, 41
What are the prime factors of 789202019?
789202019
What are the prime factors of 473182546?
2, 236591273
List the prime factors of 26392783.
26392783
List the prime factors of 166109941.
17, 29, 347, 971
What are the prime factors of 99515221?
13, 7655017
What are the prime factors of 77264363?
11, 313, 22441
What are the prime factors of 149262?
2, 3, 24877
What are the prime factors of 48604565?
5, 19, 511627
List the prime factors of 2733709272.
2, 3, 7, 241, 251, 269
What are the prime factors of 138650839?
1321, 104959
List the prime factors of 104323979.
37, 227, 12421
List the prime factors of 1542332478.
2, 3, 257055413
What are the prime factors of 456856675?
5, 11, 151027
What are the prime factors of 60208241?
60208241
List the prime factors of 17999487.
3, 11, 181813
List the prime factors of 124859961.
3, 71, 7237
What are the prime factors of 97259716?
2, 331, 73459
What are the prime factors of 250428037?
17, 19, 59, 773
What are the prime factors of 45981647?
45981647
List the prime factors of 21971971.
7, 3138853
What are the prime factors of 161531996?
2, 19, 277, 7673
What are the prime fact